a prime number?
False
Let g be -9*(16/6 + (10 - 13)). Suppose -915 = -g*h - 156. Is h a prime number?
False
Suppose 81673 = r + 3*r + 5*d, 3*r = -4*d + 61255. Is r a composite number?
True
Let v(a) = a + 7. Let j be v(-7). Let q(g) = g**3 + 2*g**2 - 2*g - 2. Let u be q(3). Let z = u - j. Is z a composite number?
False
Let g(f) = 14*f**2 - 103*f + 99. Is g(42) prime?
False
Suppose -5*a + 4 + 46 = 0. Let f(z) = z**3 - 6*z**2 + 6*z - 2. Let o be f(5). Suppose o*l = a*l - 1309. Is l a composite number?
True
Let q(l) = -2*l**2 - 6*l + 21. Let f be q(6). Let h = 146 + f. Is h composite?
False
Suppose 3*r + 50 = -2*r. Let g be (-14226)/r - (-3)/(-5). Let q = 2009 - g. Is q prime?
True
Suppose 0*w - w = 231. Let k = 859 - 901. Is w/k*2*1 prime?
True
Let u be (-2*(-10)/(-4))/(-1). Let m(t) = -t - 4. Let g be m(u). Let o = 25 - g. Is o a composite number?
True
Is (-11046)/(-8) + -5 + 21/4 a composite number?
False
Is (-69894)/(-8) + (2 - 21/12) a prime number?
True
Let x = 235 + -150. Is x a composite number?
True
Suppose 2*z - 2*v = 5576, -11*v = 5*z - 6*v - 13950. Is z a composite number?
False
Suppose -i = 4*z - 265, -4*i - 85 = 3*z - 300. Let t be (-4)/(-26) - (-55)/z. Suppose u + t = p - 61, 5*u - 44 = -p. Is p a composite number?
False
Let r = -439 - -803. Let x be r/10 + (-4)/10. Let a = 71 - x. Is a a composite number?
True
Let u = 675 - 1783. Let d be (-1)/(-2) + 6/(-4). Is d/(-2 + u/(-556)) composite?
False
Let n(l) = 545*l**2 + 3*l + 3. Is n(-5) a composite number?
False
Let b(v) = 7*v**2 + 39*v**3 - 14 - 9*v - 40*v**3 + 10*v**2. Is b(11) prime?
True
Suppose 7*h + 4*u + 19 = 2*h, 0 = 5*u - 20. Let p(q) = -2*q**3 + 2*q**2 + 4*q - 5. Is p(h) a composite number?
False
Let n = 10684 - -4827. Is n a prime number?
True
Let s = 13 + -19. Let h be ((-4)/6)/(1/s). Suppose -5*v + 1275 = 5*k, k + h*v = 8*v + 265. Is k composite?
False
Suppose -4*h = -3*t - 16, -2*h - 2*t + 0*t = -8. Let r be -1 - ((-8)/2)/h. Suppose w = 4*s - 478, s - 2*w - 169 + 46 = r. Is s composite?
True
Suppose 47 = 15*m - 13. Suppose -d = -i - 1246, m*d - 4993 = -10*i + 5*i. Is d composite?
True
Let r = -1 + 4. Let p(x) = -29*x + 8 + r - 4 - 9*x. Is p(-3) prime?
False
Let c = 8 - 2. Suppose -10 = 5*u - c*h + 3*h, -2*u - h = -7. Is (-1 - -2) + 65 - u a prime number?
False
Let t = 58 - 82. Let w(q) = q**3 + 25*q**2 + 55. Is w(t) prime?
True
Let s be (0 - -3) + 7/(21/3). Let l(a) = 10*a**2. Let g be l(-6). Suppose c - s*n - 29 = 96, -3*c - 3*n = -g. Is c a prime number?
False
Let n be -1*(-8)/4 - -2. Suppose -m = m - n. Suppose -s + m = -47. Is s a prime number?
False
Suppose -3*r - 2*c = -5*c - 2070, 4*c = 3*r - 2067. Suppose -2*d - 2*z = -346, -4*d - z + r = 4*z. Suppose 6*i = 4*i + d. Is i composite?
True
Let h be (-265)/(-2)*10/25*4. Let c = h + 47. Is c prime?
False
Let y = 13 + -11. Suppose y*j - 2 = 6. Let x = 145 + j. Is x a prime number?
True
Suppose -1 = -5*w + 9. Let b be w/((-6)/(-15) - 0). Suppose -4*u = b*o - 125, o - 2 + 5 = 0. Is u composite?
True
Is (-15)/((-585)/130188) - 8/52 composite?
True
Suppose 0*a - 46090 = -5*a + 3*h, 3*a = 4*h + 27654. Is (a/(-33))/(4/(-6)) composite?
False
Suppose -2*r = -5*y - r + 31, 4*y - 24 = r. Suppose -2*t - w = y, 3*w = t + 10 - 3. Is ((-26)/t)/(18/252) prime?
False
Let z = 615 - 177. Suppose -7*x + 920 - 2845 = 0. Let n = x + z. Is n a prime number?
True
Let k = -1706 + -780. Let m = 4141 + k. Is m a composite number?
True
Suppose -2*n + 2*s - s - 945 = 0, -n - 474 = -s. Is n/9*(-3)/1 a prime number?
True
Let g(f) = -20322*f**3 + 2*f**2 + 2*f + 1. Is g(-1) a composite number?
False
Suppose -2512 = t + a, 0 = 3*t - 3*a + 1957 + 5579. Let o = t + 3579. Is o a composite number?
True
Let i(q) = 168*q**3 + q**2 + 4*q + 1. Let x(g) = 505*g**3 + 2*g**2 + 11*g + 4. Let c(w) = 11*i(w) - 4*x(w). Let z be c(4). Is 2/(-4) + z/(-30) composite?
True
Let b(c) = 4313*c + 252. Is b(5) a composite number?
False
Let z be -7*(-4)/42 + 296/6. Let x = 17 + z. Is x a composite number?
False
Suppose -h + 818 = 174. Let u = h + -362. Suppose u = 5*r - 163. Is r a prime number?
True
Let f = 2 - -1. Suppose -5*x = -x + 3*l, 0 = -f*l. Is (30 + 1)*(x + 1) prime?
True
Let q(p) = -3*p - 3. Let v be q(-5). Let x = 15 - v. Is x*4/12 + 292 composite?
False
Suppose 168 + 527 = 5*h. Is h composite?
False
Let o(w) be the second derivative of w**3/3 + 1049*w**2/2 - 25*w. Is o(0) composite?
False
Suppose -65558 = -34*p + 245576. Is p a prime number?
True
Let m(x) = x**3 + 26*x**2 - 51*x - 35. Is m(-27) a prime number?
True
Suppose -3*v + 22 = 79. Let f(d) = -d**3 - 19*d**2 - d - 16. Let t be f(v). Suppose 5*u - 294 = -t*a, -59 = -4*a - 5*u + 328. Is a composite?
True
Let k = -20 - -15. Is ((-3)/6)/(k/26050) a prime number?
False
Let v be -1 - (4 + (-428 - 0)). Suppose 0 = 2*i + 125 - v. Is i a prime number?
True
Suppose 4*l = -0*l + 20. Suppose 3*k = l - 2. Is 141 - (0 - 3 - k) a composite number?
True
Let m be (-4 + 3)*(3 - 10). Suppose -m*u + 6787 = -19498. Is u prime?
False
Is (-11847)/(-8) + 32/256 a composite number?
False
Let u = -991 - -2250. Is u a composite number?
False
Suppose 0*l - 5*j - 12616 = -4*l, j - 3145 = -l. Is l composite?
True
Let n be 94810/40 - 2/8. Suppose 0 = 7*y - n - 21437. Is y a composite number?
True
Let k(x) = -1554*x - 5. Let q be k(2). Let c = -1456 - q. Is c a prime number?
True
Suppose -4*c + f = 2*f - 314888, 393613 = 5*c + 2*f. Is c a composite number?
False
Is 15 + -6 - (-18528 - -4) a composite number?
True
Suppose 2*a - w = 13, -3*a - w + 6 = -6. Suppose -a = -2*k + 3, h + k = 1081. Is h composite?
True
Let j(d) be the second derivative of 3*d**5/20 - 2*d**4/3 - 5*d**3/6 + 5*d**2/2 + 16*d. Is j(6) a composite number?
True
Let p be 1/2 + (-10)/(-4). Suppose -p*j = -513 - 2898. Is j a composite number?
True
Let f = -9 - -14. Suppose -f*a = -695 + 30. Is a a prime number?
False
Is (-3142*1)/(-2) - (3 - 6) a composite number?
True
Let q = 406 + 196. Let c be ((1062/3)/(-3))/((-7)/7). Suppose 4*a + c = q. Is a a prime number?
False
Suppose 3*y - i - 643 = 4*i, 2*y - 412 = -5*i. Is y prime?
True
Let d(r) = r**3 - 9*r + 2. Let c(n) = 3*n**3 - n**2 - 26*n + 7. Let p = -8 + 16. Let i(y) = p*d(y) - 3*c(y). Is i(4) a prime number?
True
Suppose t - 13 = -h - 2*t, -2*h - 2*t = -46. Let j = 975 + h. Is j a prime number?
False
Let w be ((-3101)/(-28))/((-3)/12). Is (-3)/(12/w) + 5/20 a prime number?
False
Suppose -11*p + 17349 = -713. Is p a composite number?
True
Let n(v) be the third derivative of -v**6/60 - v**5/10 - 7*v**4/24 + 11*v**3/6 - 8*v**2. Is n(-8) prime?
False
Let z be (10 - 7)*2/3. Let s be (-20)/(-14) - 16/(-28). Suppose y = -j + 265, -z*y - s*y = 5*j - 1325. Is j prime?
False
Let m(p) = -p**3 - 27*p**2 + 8*p - 11. Is m(-29) prime?
True
Is (-309472)/(-266) - (-3)/(-7) composite?
False
Is (-2)/(2 - (-5844)/(-2921)) a prime number?
False
Suppose 1122 = r - 809. Is r a prime number?
True
Suppose 4*m = u + 12, -28 = -8*m + 6*m - 5*u. Let y = -1 + 1. Suppose y = m*i + i - 3395. Is i a prime number?
False
Let u = -14 - -18. Suppose 4448 = u*q - 8*q. Let k = -571 - q. Is k a prime number?
True
Let g(q) = 3*q**3 - 11*q**2 - 14*q + 1. Let r(f) = -7*f**3 + 22*f**2 + 28*f - 2. Let l(b) = 5*g(b) + 2*r(b). Is l(13) a composite number?
False
Suppose 6*n + 2*q = 4*n + 39484, -2*q + 59225 = 3*n. Is n a prime number?
False
Suppose 3 = c - 12. Suppose 0 = -5*y - 0*y - c. Let u(j) = -50*j - 5. Is u(y) a prime number?
False
Let k = 9556 - 5502. Is k a composite number?
True
Let t(j) = -90*j - 17. Let x be t(-8). Let k = -452 + x. Is k prime?
True
Is 13 - 8 - (-7553)/1 prime?
False
Suppose -5*v + 6*v + 4 = 0. Is 45/(-180) - (1229/v - 0) prime?
True
Is (2 - (0 + -6 - 4547))/1 prime?
False
Let l(k) = 11*k - 20*k - 2 - 23*k + 0. Let f be l(2). Is ((-13)/(-2))/((-3)/f) composite?
True
Let g be (-1)/5 - 16/(-5). Suppose -2*u = -i + 7, 2*i + 4 = -2*i. Is ((-156)/3)/u*g prime?
False
Let z = -638 - -4789. Is z a composite number?
True
Suppose 0 = 45*f + 9*f - 1047762. Is f a composite number?
False
Let q be (-18)/(-30) - (-17)/5. Suppose 0 = -4*t + q*b + 4, b - 4 = -t - 1. Let s(p) = p**3 + 2*p**2 + 2*p - 1. Is s(t) a composite number?
False
Let p be 1199/(-3) - (-6)/(-18). Is 5 + (3 - 1 - p) a composite number?
True
Let z(o) be the first derivative of 